{"id":2020,"date":"2021-03-16T14:13:17","date_gmt":"2021-03-16T13:13:17","guid":{"rendered":"https:\/\/ligan.good.cnrs.fr\/app\/uploads\/2021\/03\/CP_LIGAN__variants_SARS_Cov2_20210312.pdf"},"modified":"2021-03-16T14:13:17","modified_gmt":"2021-03-16T13:13:17","slug":"cp_ligan__variants_sars_cov2_20210312-2","status":"inherit","type":"attachment","link":"https:\/\/ligan.good.cnrs.fr\/en\/communique-de-presse-laboratoire-de-sequencage-genetique-medical-ligan-situation-variants-de-sars-cov-2-nord-de-france\/cp_ligan__variants_sars_cov2_20210312-2\/","title":{"rendered":"CP_LIGAN__variants_SARS_Cov2_20210312"},"author":1,"featured_media":0,"comment_status":"open","ping_status":"closed","template":"","meta":{"_acf_changed":false},"class_list":["post-2020","attachment","type-attachment","status-inherit","hentry"],"acf":[],"yoast_head":"<!-- This site is optimized with the Yoast SEO plugin v26.3 - https:\/\/yoast.com\/wordpress\/plugins\/seo\/ -->\n<title>CP_LIGAN__variants_SARS_Cov2_20210312 - Ligan<\/title>\n<meta name=\"robots\" content=\"index, follow, max-snippet:-1, max-image-preview:large, max-video-preview:-1\" \/>\n<link rel=\"canonical\" href=\"https:\/\/ligan.good.cnrs.fr\/en\/communique-de-presse-laboratoire-de-sequencage-genetique-medical-ligan-situation-variants-de-sars-cov-2-nord-de-france\/cp_ligan__variants_sars_cov2_20210312-2\/\" \/>\n<meta property=\"og:locale\" content=\"en_US\" \/>\n<meta property=\"og:type\" content=\"article\" \/>\n<meta property=\"og:title\" content=\"CP_LIGAN__variants_SARS_Cov2_20210312 - Ligan\" \/>\n<meta property=\"og:description\" content=\"CP_LIGAN__variants_SARS_Cov2_20210312\" \/>\n<meta property=\"og:url\" content=\"https:\/\/ligan.good.cnrs.fr\/en\/communique-de-presse-laboratoire-de-sequencage-genetique-medical-ligan-situation-variants-de-sars-cov-2-nord-de-france\/cp_ligan__variants_sars_cov2_20210312-2\/\" \/>\n<meta property=\"og:site_name\" content=\"Ligan\" \/>\n<meta name=\"twitter:card\" content=\"summary_large_image\" \/>\n<script type=\"application\/ld+json\" class=\"yoast-schema-graph\">{\"@context\":\"https:\/\/schema.org\",\"@graph\":[{\"@type\":\"WebPage\",\"@id\":\"https:\/\/ligan.good.cnrs.fr\/en\/communique-de-presse-laboratoire-de-sequencage-genetique-medical-ligan-situation-variants-de-sars-cov-2-nord-de-france\/cp_ligan__variants_sars_cov2_20210312-2\/\",\"url\":\"https:\/\/ligan.good.cnrs.fr\/en\/communique-de-presse-laboratoire-de-sequencage-genetique-medical-ligan-situation-variants-de-sars-cov-2-nord-de-france\/cp_ligan__variants_sars_cov2_20210312-2\/\",\"name\":\"CP_LIGAN__variants_SARS_Cov2_20210312 - Ligan\",\"isPartOf\":{\"@id\":\"https:\/\/ligan.good.cnrs.fr\/en\/#website\"},\"datePublished\":\"2021-03-16T13:13:17+00:00\",\"breadcrumb\":{\"@id\":\"https:\/\/ligan.good.cnrs.fr\/en\/communique-de-presse-laboratoire-de-sequencage-genetique-medical-ligan-situation-variants-de-sars-cov-2-nord-de-france\/cp_ligan__variants_sars_cov2_20210312-2\/#breadcrumb\"},\"inLanguage\":\"en-US\",\"potentialAction\":[{\"@type\":\"ReadAction\",\"target\":[\"https:\/\/ligan.good.cnrs.fr\/en\/communique-de-presse-laboratoire-de-sequencage-genetique-medical-ligan-situation-variants-de-sars-cov-2-nord-de-france\/cp_ligan__variants_sars_cov2_20210312-2\/\"]}]},{\"@type\":\"BreadcrumbList\",\"@id\":\"https:\/\/ligan.good.cnrs.fr\/en\/communique-de-presse-laboratoire-de-sequencage-genetique-medical-ligan-situation-variants-de-sars-cov-2-nord-de-france\/cp_ligan__variants_sars_cov2_20210312-2\/#breadcrumb\",\"itemListElement\":[{\"@type\":\"ListItem\",\"position\":1,\"name\":\"Accueil\",\"item\":\"https:\/\/ligan.good.cnrs.fr\/en\/\"},{\"@type\":\"ListItem\",\"position\":2,\"name\":\"Communiqu\u00e9 de Presse du laboratoire de s\u00e9quen\u00e7age g\u00e9n\u00e9tique m\u00e9dical LIGAN sur la situation des variants de SARS Cov 2 dans le Nord de la France\",\"item\":\"https:\/\/ligan.good.cnrs.fr\/en\/communique-de-presse-laboratoire-de-sequencage-genetique-medical-ligan-situation-variants-de-sars-cov-2-nord-de-france\/\"},{\"@type\":\"ListItem\",\"position\":3,\"name\":\"CP_LIGAN__variants_SARS_Cov2_20210312\"}]},{\"@type\":\"WebSite\",\"@id\":\"https:\/\/ligan.good.cnrs.fr\/en\/#website\",\"url\":\"https:\/\/ligan.good.cnrs.fr\/en\/\",\"name\":\"Ligan\",\"description\":\"Un site utilisant WordPress\",\"potentialAction\":[{\"@type\":\"SearchAction\",\"target\":{\"@type\":\"EntryPoint\",\"urlTemplate\":\"https:\/\/ligan.good.cnrs.fr\/en\/?s={search_term_string}\"},\"query-input\":{\"@type\":\"PropertyValueSpecification\",\"valueRequired\":true,\"valueName\":\"search_term_string\"}}],\"inLanguage\":\"en-US\"}]}<\/script>\n<!-- \/ Yoast SEO plugin. -->","yoast_head_json":{"title":"CP_LIGAN__variants_SARS_Cov2_20210312 - Ligan","robots":{"index":"index","follow":"follow","max-snippet":"max-snippet:-1","max-image-preview":"max-image-preview:large","max-video-preview":"max-video-preview:-1"},"canonical":"https:\/\/ligan.good.cnrs.fr\/en\/communique-de-presse-laboratoire-de-sequencage-genetique-medical-ligan-situation-variants-de-sars-cov-2-nord-de-france\/cp_ligan__variants_sars_cov2_20210312-2\/","og_locale":"en_US","og_type":"article","og_title":"CP_LIGAN__variants_SARS_Cov2_20210312 - Ligan","og_description":"CP_LIGAN__variants_SARS_Cov2_20210312","og_url":"https:\/\/ligan.good.cnrs.fr\/en\/communique-de-presse-laboratoire-de-sequencage-genetique-medical-ligan-situation-variants-de-sars-cov-2-nord-de-france\/cp_ligan__variants_sars_cov2_20210312-2\/","og_site_name":"Ligan","twitter_card":"summary_large_image","schema":{"@context":"https:\/\/schema.org","@graph":[{"@type":"WebPage","@id":"https:\/\/ligan.good.cnrs.fr\/en\/communique-de-presse-laboratoire-de-sequencage-genetique-medical-ligan-situation-variants-de-sars-cov-2-nord-de-france\/cp_ligan__variants_sars_cov2_20210312-2\/","url":"https:\/\/ligan.good.cnrs.fr\/en\/communique-de-presse-laboratoire-de-sequencage-genetique-medical-ligan-situation-variants-de-sars-cov-2-nord-de-france\/cp_ligan__variants_sars_cov2_20210312-2\/","name":"CP_LIGAN__variants_SARS_Cov2_20210312 - Ligan","isPartOf":{"@id":"https:\/\/ligan.good.cnrs.fr\/en\/#website"},"datePublished":"2021-03-16T13:13:17+00:00","breadcrumb":{"@id":"https:\/\/ligan.good.cnrs.fr\/en\/communique-de-presse-laboratoire-de-sequencage-genetique-medical-ligan-situation-variants-de-sars-cov-2-nord-de-france\/cp_ligan__variants_sars_cov2_20210312-2\/#breadcrumb"},"inLanguage":"en-US","potentialAction":[{"@type":"ReadAction","target":["https:\/\/ligan.good.cnrs.fr\/en\/communique-de-presse-laboratoire-de-sequencage-genetique-medical-ligan-situation-variants-de-sars-cov-2-nord-de-france\/cp_ligan__variants_sars_cov2_20210312-2\/"]}]},{"@type":"BreadcrumbList","@id":"https:\/\/ligan.good.cnrs.fr\/en\/communique-de-presse-laboratoire-de-sequencage-genetique-medical-ligan-situation-variants-de-sars-cov-2-nord-de-france\/cp_ligan__variants_sars_cov2_20210312-2\/#breadcrumb","itemListElement":[{"@type":"ListItem","position":1,"name":"Accueil","item":"https:\/\/ligan.good.cnrs.fr\/en\/"},{"@type":"ListItem","position":2,"name":"Communiqu\u00e9 de Presse du laboratoire de s\u00e9quen\u00e7age g\u00e9n\u00e9tique m\u00e9dical LIGAN sur la situation des variants de SARS Cov 2 dans le Nord de la France","item":"https:\/\/ligan.good.cnrs.fr\/en\/communique-de-presse-laboratoire-de-sequencage-genetique-medical-ligan-situation-variants-de-sars-cov-2-nord-de-france\/"},{"@type":"ListItem","position":3,"name":"CP_LIGAN__variants_SARS_Cov2_20210312"}]},{"@type":"WebSite","@id":"https:\/\/ligan.good.cnrs.fr\/en\/#website","url":"https:\/\/ligan.good.cnrs.fr\/en\/","name":"Ligan","description":"Un site utilisant WordPress","potentialAction":[{"@type":"SearchAction","target":{"@type":"EntryPoint","urlTemplate":"https:\/\/ligan.good.cnrs.fr\/en\/?s={search_term_string}"},"query-input":{"@type":"PropertyValueSpecification","valueRequired":true,"valueName":"search_term_string"}}],"inLanguage":"en-US"}]}},"description":{"rendered":"<p class=\"attachment\"><a href='https:\/\/ligan.good.cnrs.fr\/wp\/..\/app\/uploads\/2021\/03\/CP_LIGAN__variants_SARS_Cov2_20210312.pdf'>CP_LIGAN__variants_SARS_Cov2_20210312<\/a><\/p>\n"},"caption":{"rendered":"<p>CP_LIGAN__variants_SARS_Cov2_20210312<\/p>\n"},"alt_text":"","media_type":"file","mime_type":"application\/pdf","media_details":{},"post":2028,"source_url":"https:\/\/ligan.good.cnrs.fr\/wp\/..\/app\/uploads\/2021\/03\/CP_LIGAN__variants_SARS_Cov2_20210312.pdf","_links":{"self":[{"href":"https:\/\/ligan.good.cnrs.fr\/en\/wp-json\/wp\/v2\/media\/2020","targetHints":{"allow":["GET"]}}],"collection":[{"href":"https:\/\/ligan.good.cnrs.fr\/en\/wp-json\/wp\/v2\/media"}],"about":[{"href":"https:\/\/ligan.good.cnrs.fr\/en\/wp-json\/wp\/v2\/types\/attachment"}],"author":[{"embeddable":true,"href":"https:\/\/ligan.good.cnrs.fr\/en\/wp-json\/wp\/v2\/users\/1"}],"replies":[{"embeddable":true,"href":"https:\/\/ligan.good.cnrs.fr\/en\/wp-json\/wp\/v2\/comments?post=2020"}]}}

<!-- This site is optimized with the Yoast SEO plugin v26.3 - https://yoast.com/wordpress/plugins/seo/ -->
<title>CP_LIGAN__variants_SARS_Cov2_20210312 - Ligan</title>
<meta name="robots" content="index, follow, max-snippet:-1, max-image-preview:large, max-video-preview:-1" />
<link rel="canonical" href="https://ligan.good.cnrs.fr/en/communique-de-presse-laboratoire-de-sequencage-genetique-medical-ligan-situation-variants-de-sars-cov-2-nord-de-france/cp_ligan__variants_sars_cov2_20210312-2/" />
<meta property="og:locale" content="en_US" />
<meta property="og:type" content="article" />
<meta property="og:title" content="CP_LIGAN__variants_SARS_Cov2_20210312 - Ligan" />
<meta property="og:description" content="CP_LIGAN__variants_SARS_Cov2_20210312" />
<meta property="og:url" content="https://ligan.good.cnrs.fr/en/communique-de-presse-laboratoire-de-sequencage-genetique-medical-ligan-situation-variants-de-sars-cov-2-nord-de-france/cp_ligan__variants_sars_cov2_20210312-2/" />
<meta property="og:site_name" content="Ligan" />
<meta name="twitter:card" content="summary_large_image" />
<script type="application/ld+json" class="yoast-schema-graph">{"@context":"https://schema.org","@graph":[{"@type":"WebPage","@id":"https://ligan.good.cnrs.fr/en/communique-de-presse-laboratoire-de-sequencage-genetique-medical-ligan-situation-variants-de-sars-cov-2-nord-de-france/cp_ligan__variants_sars_cov2_20210312-2/","url":"https://ligan.good.cnrs.fr/en/communique-de-presse-laboratoire-de-sequencage-genetique-medical-ligan-situation-variants-de-sars-cov-2-nord-de-france/cp_ligan__variants_sars_cov2_20210312-2/","name":"CP_LIGAN__variants_SARS_Cov2_20210312 - Ligan","isPartOf":{"@id":"https://ligan.good.cnrs.fr/en/#website"},"datePublished":"2021-03-16T13:13:17+00:00","breadcrumb":{"@id":"https://ligan.good.cnrs.fr/en/communique-de-presse-laboratoire-de-sequencage-genetique-medical-ligan-situation-variants-de-sars-cov-2-nord-de-france/cp_ligan__variants_sars_cov2_20210312-2/#breadcrumb"},"inLanguage":"en-US","potentialAction":[{"@type":"ReadAction","target":["https://ligan.good.cnrs.fr/en/communique-de-presse-laboratoire-de-sequencage-genetique-medical-ligan-situation-variants-de-sars-cov-2-nord-de-france/cp_ligan__variants_sars_cov2_20210312-2/"]}]},{"@type":"BreadcrumbList","@id":"https://ligan.good.cnrs.fr/en/communique-de-presse-laboratoire-de-sequencage-genetique-medical-ligan-situation-variants-de-sars-cov-2-nord-de-france/cp_ligan__variants_sars_cov2_20210312-2/#breadcrumb","itemListElement":[{"@type":"ListItem","position":1,"name":"Accueil","item":"https://ligan.good.cnrs.fr/en/"},{"@type":"ListItem","position":2,"name":"Communiqué de Presse du laboratoire de séquençage génétique médical LIGAN sur la situation des variants de SARS Cov 2 dans le Nord de la France","item":"https://ligan.good.cnrs.fr/en/communique-de-presse-laboratoire-de-sequencage-genetique-medical-ligan-situation-variants-de-sars-cov-2-nord-de-france/"},{"@type":"ListItem","position":3,"name":"CP_LIGAN__variants_SARS_Cov2_20210312"}]},{"@type":"WebSite","@id":"https://ligan.good.cnrs.fr/en/#website","url":"https://ligan.good.cnrs.fr/en/","name":"Ligan","description":"Un site utilisant WordPress","potentialAction":[{"@type":"SearchAction","target":{"@type":"EntryPoint","urlTemplate":"https://ligan.good.cnrs.fr/en/?s={search_term_string}"},"query-input":{"@type":"PropertyValueSpecification","valueRequired":true,"valueName":"search_term_string"}}],"inLanguage":"en-US"}]}</script>
<!-- / Yoast SEO plugin. -->

Communiqué de Presse du laboratoire de séquençage génétique médical LIGAN sur la situation des variants de SARS Cov 2 dans le Nord de la France
