{"id":2024,"date":"2021-03-16T15:10:20","date_gmt":"2021-03-16T14:10:20","guid":{"rendered":"https:\/\/ligan.good.cnrs.fr\/app\/uploads\/2021\/03\/ligan-f\u00e9v21-1071.jpg"},"modified":"2021-03-16T15:10:20","modified_gmt":"2021-03-16T14:10:20","slug":"ligan-fev21-1071-2","status":"inherit","type":"attachment","link":"https:\/\/ligan.good.cnrs.fr\/en\/communique-de-presse-laboratoire-de-sequencage-genetique-medical-ligan-situation-variants-de-sars-cov-2-nord-de-france\/ligan-fev21-1071-2\/","title":{"rendered":"ligan f\u00e9v21-1071"},"author":1,"featured_media":0,"comment_status":"open","ping_status":"closed","template":"","meta":{"_acf_changed":false},"class_list":["post-2024","attachment","type-attachment","status-inherit","hentry"],"acf":[],"yoast_head":"<!-- This site is optimized with the Yoast SEO plugin v26.3 - https:\/\/yoast.com\/wordpress\/plugins\/seo\/ -->\n<title>ligan f\u00e9v21-1071 - Ligan<\/title>\n<meta name=\"robots\" content=\"index, follow, max-snippet:-1, max-image-preview:large, max-video-preview:-1\" \/>\n<link rel=\"canonical\" href=\"https:\/\/ligan.good.cnrs.fr\/en\/communique-de-presse-laboratoire-de-sequencage-genetique-medical-ligan-situation-variants-de-sars-cov-2-nord-de-france\/ligan-fev21-1071-2\/\" \/>\n<meta property=\"og:locale\" content=\"en_US\" \/>\n<meta property=\"og:type\" content=\"article\" \/>\n<meta property=\"og:title\" content=\"ligan f\u00e9v21-1071 - Ligan\" \/>\n<meta property=\"og:url\" content=\"https:\/\/ligan.good.cnrs.fr\/en\/communique-de-presse-laboratoire-de-sequencage-genetique-medical-ligan-situation-variants-de-sars-cov-2-nord-de-france\/ligan-fev21-1071-2\/\" \/>\n<meta property=\"og:site_name\" content=\"Ligan\" \/>\n<meta property=\"og:image\" content=\"https:\/\/ligan.good.cnrs.fr\/app\/uploads\/2021\/03\/ligan-f\u00e9v21-1071-681x1024.jpg\" \/>\n\t<meta property=\"og:image:width\" content=\"681\" \/>\n\t<meta property=\"og:image:height\" content=\"1024\" \/>\n\t<meta property=\"og:image:type\" content=\"image\/jpeg\" \/>\n<meta name=\"twitter:card\" content=\"summary_large_image\" \/>\n<script type=\"application\/ld+json\" class=\"yoast-schema-graph\">{\"@context\":\"https:\/\/schema.org\",\"@graph\":[{\"@type\":\"WebPage\",\"@id\":\"https:\/\/ligan.good.cnrs.fr\/en\/communique-de-presse-laboratoire-de-sequencage-genetique-medical-ligan-situation-variants-de-sars-cov-2-nord-de-france\/ligan-fev21-1071-2\/\",\"url\":\"https:\/\/ligan.good.cnrs.fr\/en\/communique-de-presse-laboratoire-de-sequencage-genetique-medical-ligan-situation-variants-de-sars-cov-2-nord-de-france\/ligan-fev21-1071-2\/\",\"name\":\"ligan f\u00e9v21-1071 - Ligan\",\"isPartOf\":{\"@id\":\"https:\/\/ligan.good.cnrs.fr\/en\/#website\"},\"datePublished\":\"2021-03-16T14:10:20+00:00\",\"breadcrumb\":{\"@id\":\"https:\/\/ligan.good.cnrs.fr\/en\/communique-de-presse-laboratoire-de-sequencage-genetique-medical-ligan-situation-variants-de-sars-cov-2-nord-de-france\/ligan-fev21-1071-2\/#breadcrumb\"},\"inLanguage\":\"en-US\",\"potentialAction\":[{\"@type\":\"ReadAction\",\"target\":[\"https:\/\/ligan.good.cnrs.fr\/en\/communique-de-presse-laboratoire-de-sequencage-genetique-medical-ligan-situation-variants-de-sars-cov-2-nord-de-france\/ligan-fev21-1071-2\/\"]}]},{\"@type\":\"BreadcrumbList\",\"@id\":\"https:\/\/ligan.good.cnrs.fr\/en\/communique-de-presse-laboratoire-de-sequencage-genetique-medical-ligan-situation-variants-de-sars-cov-2-nord-de-france\/ligan-fev21-1071-2\/#breadcrumb\",\"itemListElement\":[{\"@type\":\"ListItem\",\"position\":1,\"name\":\"Accueil\",\"item\":\"https:\/\/ligan.good.cnrs.fr\/en\/\"},{\"@type\":\"ListItem\",\"position\":2,\"name\":\"Communiqu\u00e9 de Presse du laboratoire de s\u00e9quen\u00e7age g\u00e9n\u00e9tique m\u00e9dical LIGAN sur la situation des variants de SARS Cov 2 dans le Nord de la France\",\"item\":\"https:\/\/ligan.good.cnrs.fr\/en\/communique-de-presse-laboratoire-de-sequencage-genetique-medical-ligan-situation-variants-de-sars-cov-2-nord-de-france\/\"},{\"@type\":\"ListItem\",\"position\":3,\"name\":\"ligan f\u00e9v21-1071\"}]},{\"@type\":\"WebSite\",\"@id\":\"https:\/\/ligan.good.cnrs.fr\/en\/#website\",\"url\":\"https:\/\/ligan.good.cnrs.fr\/en\/\",\"name\":\"Ligan\",\"description\":\"Un site utilisant WordPress\",\"potentialAction\":[{\"@type\":\"SearchAction\",\"target\":{\"@type\":\"EntryPoint\",\"urlTemplate\":\"https:\/\/ligan.good.cnrs.fr\/en\/?s={search_term_string}\"},\"query-input\":{\"@type\":\"PropertyValueSpecification\",\"valueRequired\":true,\"valueName\":\"search_term_string\"}}],\"inLanguage\":\"en-US\"}]}<\/script>\n<!-- \/ Yoast SEO plugin. -->","yoast_head_json":{"title":"ligan f\u00e9v21-1071 - Ligan","robots":{"index":"index","follow":"follow","max-snippet":"max-snippet:-1","max-image-preview":"max-image-preview:large","max-video-preview":"max-video-preview:-1"},"canonical":"https:\/\/ligan.good.cnrs.fr\/en\/communique-de-presse-laboratoire-de-sequencage-genetique-medical-ligan-situation-variants-de-sars-cov-2-nord-de-france\/ligan-fev21-1071-2\/","og_locale":"en_US","og_type":"article","og_title":"ligan f\u00e9v21-1071 - Ligan","og_url":"https:\/\/ligan.good.cnrs.fr\/en\/communique-de-presse-laboratoire-de-sequencage-genetique-medical-ligan-situation-variants-de-sars-cov-2-nord-de-france\/ligan-fev21-1071-2\/","og_site_name":"Ligan","og_image":[{"width":681,"height":1024,"url":"https:\/\/ligan.good.cnrs.fr\/app\/uploads\/2021\/03\/ligan-f\u00e9v21-1071-681x1024.jpg","type":"image\/jpeg"}],"twitter_card":"summary_large_image","schema":{"@context":"https:\/\/schema.org","@graph":[{"@type":"WebPage","@id":"https:\/\/ligan.good.cnrs.fr\/en\/communique-de-presse-laboratoire-de-sequencage-genetique-medical-ligan-situation-variants-de-sars-cov-2-nord-de-france\/ligan-fev21-1071-2\/","url":"https:\/\/ligan.good.cnrs.fr\/en\/communique-de-presse-laboratoire-de-sequencage-genetique-medical-ligan-situation-variants-de-sars-cov-2-nord-de-france\/ligan-fev21-1071-2\/","name":"ligan f\u00e9v21-1071 - Ligan","isPartOf":{"@id":"https:\/\/ligan.good.cnrs.fr\/en\/#website"},"datePublished":"2021-03-16T14:10:20+00:00","breadcrumb":{"@id":"https:\/\/ligan.good.cnrs.fr\/en\/communique-de-presse-laboratoire-de-sequencage-genetique-medical-ligan-situation-variants-de-sars-cov-2-nord-de-france\/ligan-fev21-1071-2\/#breadcrumb"},"inLanguage":"en-US","potentialAction":[{"@type":"ReadAction","target":["https:\/\/ligan.good.cnrs.fr\/en\/communique-de-presse-laboratoire-de-sequencage-genetique-medical-ligan-situation-variants-de-sars-cov-2-nord-de-france\/ligan-fev21-1071-2\/"]}]},{"@type":"BreadcrumbList","@id":"https:\/\/ligan.good.cnrs.fr\/en\/communique-de-presse-laboratoire-de-sequencage-genetique-medical-ligan-situation-variants-de-sars-cov-2-nord-de-france\/ligan-fev21-1071-2\/#breadcrumb","itemListElement":[{"@type":"ListItem","position":1,"name":"Accueil","item":"https:\/\/ligan.good.cnrs.fr\/en\/"},{"@type":"ListItem","position":2,"name":"Communiqu\u00e9 de Presse du laboratoire de s\u00e9quen\u00e7age g\u00e9n\u00e9tique m\u00e9dical LIGAN sur la situation des variants de SARS Cov 2 dans le Nord de la France","item":"https:\/\/ligan.good.cnrs.fr\/en\/communique-de-presse-laboratoire-de-sequencage-genetique-medical-ligan-situation-variants-de-sars-cov-2-nord-de-france\/"},{"@type":"ListItem","position":3,"name":"ligan f\u00e9v21-1071"}]},{"@type":"WebSite","@id":"https:\/\/ligan.good.cnrs.fr\/en\/#website","url":"https:\/\/ligan.good.cnrs.fr\/en\/","name":"Ligan","description":"Un site utilisant WordPress","potentialAction":[{"@type":"SearchAction","target":{"@type":"EntryPoint","urlTemplate":"https:\/\/ligan.good.cnrs.fr\/en\/?s={search_term_string}"},"query-input":{"@type":"PropertyValueSpecification","valueRequired":true,"valueName":"search_term_string"}}],"inLanguage":"en-US"}]}},"description":{"rendered":"<p class=\"attachment\"><a href='https:\/\/ligan.good.cnrs.fr\/wp\/..\/app\/uploads\/2021\/03\/ligan-f\u00e9v21-1071.jpg'><img loading=\"lazy\" decoding=\"async\" width=\"152\" height=\"228\" src=\"https:\/\/ligan.good.cnrs.fr\/wp\/..\/app\/uploads\/2021\/03\/ligan-f\u00e9v21-1071-152x228.jpg\" class=\"attachment-medium size-medium\" alt=\"\" srcset=\"https:\/\/ligan.good.cnrs.fr\/wp\/..\/app\/uploads\/2021\/03\/ligan-f\u00e9v21-1071-152x228.jpg 152w, https:\/\/ligan.good.cnrs.fr\/wp\/..\/app\/uploads\/2021\/03\/ligan-f\u00e9v21-1071-681x1024.jpg 681w\" sizes=\"auto, (max-width: 152px) 100vw, 152px\" \/><\/a><\/p>\n"},"caption":{"rendered":""},"alt_text":"","media_type":"image","mime_type":"image\/jpeg","media_details":{"width":2953,"height":4438,"file":"2021\/03\/ligan-f\u00e9v21-1071.jpg","sizes":{"thumbnail":{"file":"ligan-f\u00e9v21-1071-150x150.jpg","width":150,"height":150,"mime_type":"image\/jpeg","source_url":"https:\/\/ligan.good.cnrs.fr\/wp\/..\/app\/uploads\/2021\/03\/ligan-f\u00e9v21-1071-150x150.jpg"},"medium":{"file":"ligan-f\u00e9v21-1071-152x228.jpg","width":152,"height":228,"mime_type":"image\/jpeg","source_url":"https:\/\/ligan.good.cnrs.fr\/wp\/..\/app\/uploads\/2021\/03\/ligan-f\u00e9v21-1071-152x228.jpg"},"large":{"file":"ligan-f\u00e9v21-1071-681x1024.jpg","width":681,"height":1024,"mime_type":"image\/jpeg","source_url":"https:\/\/ligan.good.cnrs.fr\/wp\/..\/app\/uploads\/2021\/03\/ligan-f\u00e9v21-1071-681x1024.jpg"},"full":{"file":"ligan-f\u00e9v21-1071.jpg","width":2953,"height":4438,"mime_type":"image\/jpeg","source_url":"https:\/\/ligan.good.cnrs.fr\/wp\/..\/app\/uploads\/2021\/03\/ligan-f\u00e9v21-1071.jpg"}},"image_meta":{"aperture":"11","credit":"","camera":"NIKON Z 6","caption":"","created_timestamp":"1614784023","copyright":"","focal_length":"25","iso":"1600","shutter_speed":"0.0125","title":"","orientation":"0","keywords":[]}},"post":2028,"source_url":"https:\/\/ligan.good.cnrs.fr\/wp\/..\/app\/uploads\/2021\/03\/ligan-f\u00e9v21-1071.jpg","_links":{"self":[{"href":"https:\/\/ligan.good.cnrs.fr\/en\/wp-json\/wp\/v2\/media\/2024","targetHints":{"allow":["GET"]}}],"collection":[{"href":"https:\/\/ligan.good.cnrs.fr\/en\/wp-json\/wp\/v2\/media"}],"about":[{"href":"https:\/\/ligan.good.cnrs.fr\/en\/wp-json\/wp\/v2\/types\/attachment"}],"author":[{"embeddable":true,"href":"https:\/\/ligan.good.cnrs.fr\/en\/wp-json\/wp\/v2\/users\/1"}],"replies":[{"embeddable":true,"href":"https:\/\/ligan.good.cnrs.fr\/en\/wp-json\/wp\/v2\/comments?post=2024"}]}}

https://ligan.good.cnrs.fr/app/uploads/2021/03/ligan-fév21-1071.jpg

ligan fév21-1071

<!-- This site is optimized with the Yoast SEO plugin v26.3 - https://yoast.com/wordpress/plugins/seo/ -->
<title>ligan fév21-1071 - Ligan</title>
<meta name="robots" content="index, follow, max-snippet:-1, max-image-preview:large, max-video-preview:-1" />
<link rel="canonical" href="https://ligan.good.cnrs.fr/en/communique-de-presse-laboratoire-de-sequencage-genetique-medical-ligan-situation-variants-de-sars-cov-2-nord-de-france/ligan-fev21-1071-2/" />
<meta property="og:locale" content="en_US" />
<meta property="og:type" content="article" />
<meta property="og:title" content="ligan fév21-1071 - Ligan" />
<meta property="og:url" content="https://ligan.good.cnrs.fr/en/communique-de-presse-laboratoire-de-sequencage-genetique-medical-ligan-situation-variants-de-sars-cov-2-nord-de-france/ligan-fev21-1071-2/" />
<meta property="og:site_name" content="Ligan" />
<meta property="og:image" content="https://ligan.good.cnrs.fr/app/uploads/2021/03/ligan-fév21-1071-681x1024.jpg" />
	<meta property="og:image:width" content="681" />
	<meta property="og:image:height" content="1024" />
	<meta property="og:image:type" content="image/jpeg" />
<meta name="twitter:card" content="summary_large_image" />
<script type="application/ld+json" class="yoast-schema-graph">{"@context":"https://schema.org","@graph":[{"@type":"WebPage","@id":"https://ligan.good.cnrs.fr/en/communique-de-presse-laboratoire-de-sequencage-genetique-medical-ligan-situation-variants-de-sars-cov-2-nord-de-france/ligan-fev21-1071-2/","url":"https://ligan.good.cnrs.fr/en/communique-de-presse-laboratoire-de-sequencage-genetique-medical-ligan-situation-variants-de-sars-cov-2-nord-de-france/ligan-fev21-1071-2/","name":"ligan fév21-1071 - Ligan","isPartOf":{"@id":"https://ligan.good.cnrs.fr/en/#website"},"datePublished":"2021-03-16T14:10:20+00:00","breadcrumb":{"@id":"https://ligan.good.cnrs.fr/en/communique-de-presse-laboratoire-de-sequencage-genetique-medical-ligan-situation-variants-de-sars-cov-2-nord-de-france/ligan-fev21-1071-2/#breadcrumb"},"inLanguage":"en-US","potentialAction":[{"@type":"ReadAction","target":["https://ligan.good.cnrs.fr/en/communique-de-presse-laboratoire-de-sequencage-genetique-medical-ligan-situation-variants-de-sars-cov-2-nord-de-france/ligan-fev21-1071-2/"]}]},{"@type":"BreadcrumbList","@id":"https://ligan.good.cnrs.fr/en/communique-de-presse-laboratoire-de-sequencage-genetique-medical-ligan-situation-variants-de-sars-cov-2-nord-de-france/ligan-fev21-1071-2/#breadcrumb","itemListElement":[{"@type":"ListItem","position":1,"name":"Accueil","item":"https://ligan.good.cnrs.fr/en/"},{"@type":"ListItem","position":2,"name":"Communiqué de Presse du laboratoire de séquençage génétique médical LIGAN sur la situation des variants de SARS Cov 2 dans le Nord de la France","item":"https://ligan.good.cnrs.fr/en/communique-de-presse-laboratoire-de-sequencage-genetique-medical-ligan-situation-variants-de-sars-cov-2-nord-de-france/"},{"@type":"ListItem","position":3,"name":"ligan fév21-1071"}]},{"@type":"WebSite","@id":"https://ligan.good.cnrs.fr/en/#website","url":"https://ligan.good.cnrs.fr/en/","name":"Ligan","description":"Un site utilisant WordPress","potentialAction":[{"@type":"SearchAction","target":{"@type":"EntryPoint","urlTemplate":"https://ligan.good.cnrs.fr/en/?s={search_term_string}"},"query-input":{"@type":"PropertyValueSpecification","valueRequired":true,"valueName":"search_term_string"}}],"inLanguage":"en-US"}]}</script>
<!-- / Yoast SEO plugin. -->

ligan fév21-1071 - Ligan

https://ligan.good.cnrs.fr/app/uploads/2021/03/ligan-fév21-1071-681x1024.jpg

Communiqué de Presse du laboratoire de séquençage génétique médical LIGAN sur la situation des variants de SARS Cov 2 dans le Nord de la France

<p class="attachment"><a href='https://ligan.good.cnrs.fr/wp/../app/uploads/2021/03/ligan-fév21-1071.jpg'><img loading="lazy" decoding="async" width="152" height="228" src="https://ligan.good.cnrs.fr/wp/../app/uploads/2021/03/ligan-fév21-1071-152x228.jpg" class="attachment-medium size-medium" alt="" srcset="https://ligan.good.cnrs.fr/wp/../app/uploads/2021/03/ligan-fév21-1071-152x228.jpg 152w, https://ligan.good.cnrs.fr/wp/../app/uploads/2021/03/ligan-fév21-1071-681x1024.jpg 681w" sizes="auto, (max-width: 152px) 100vw, 152px" /></a></p>

2021/03/ligan-fév21-1071.jpg

ligan-fév21-1071-150x150.jpg

https://ligan.good.cnrs.fr/wp/../app/uploads/2021/03/ligan-fév21-1071-150x150.jpg

ligan-fév21-1071-152x228.jpg

https://ligan.good.cnrs.fr/wp/../app/uploads/2021/03/ligan-fév21-1071-152x228.jpg

ligan-fév21-1071-681x1024.jpg

https://ligan.good.cnrs.fr/wp/../app/uploads/2021/03/ligan-fév21-1071-681x1024.jpg

ligan-fév21-1071.jpg

https://ligan.good.cnrs.fr/wp/../app/uploads/2021/03/ligan-fév21-1071.jpg
